ainder when 43 is divided by g.
3
Let u(i) = 84*i - 13. What is the remainder when u(6) is divided by 38?
35
Let u(g) = g**3 - 10*g**2 + g + 2. Suppose 6*d - 1415 = -557. Calculate the remainder when d is divided by u(10).
11
Let z = -250 - -262. Calculate the remainder when 286 is divided by z.
10
Let i(x) = 3*x + 12 - x - 4*x + x. Let h be i(7). Suppose h*m + 0*m = 55. Calculate the remainder when 20 is divided by m.
9
Let v(j) = 11*j + 576. What is the remainder when 129 is divided by v(-51)?
9
Let h(r) = -5*r - 3. Let g be h(6). Let j = g + 58. Let d = -98 + 172. Calculate the remainder when d is divided by j.
24
Suppose -7*d = d - 440. Suppose -3*w = -26 - d. Calculate the remainder when 134 is divided by w.
26
Suppose -22*t + 89 = -3211. What is the remainder when t is divided by 4?
2
What is the remainder when 74 is divided by -6 - -2 - (15 + -22)?
2
Suppose -o + 198 = 4*h, -78 - 112 = -o - 2*h. What is the remainder when o is divided by 17?
12
Let k(y) = -y**3 + 4*y**2 + 13*y + 11. Calculate the remainder when k(6) is divided by 16.
1
Let z = 4 - 1. Suppose m + 4*m = 0, 3*d - z*m - 78 = 0. Calculate the remainder when 103 is divided by d.
25
Let v(i) = -i**3 + 5*i**2 - 4*i + 8. Suppose -6*z + 6 = -4*z. Suppose z*m = -3*s + 135, m + m = -2. What is the remainder when s is divided by v(4)?
6
Suppose 3*i - 3*h - 156 = 0, 3*i - 4*i + 32 = 3*h. Calculate the remainder when i is divided by (0 + 25)/(-5 - (-12)/2).
22
Let k(g) = 3*g**2 + 12*g - 26. Calculate the remainder when k(-11) is divided by 19.
15
Suppose k = -0*l + 3*l - 15, 15 = -2*k + 3*l. Let q(t) = t**2 + 30. Suppose 0 = -5*w + 45 + 10. Calculate the remainder when q(k) is divided by w.
8
Let l(g) = 13*g + 250. What is the remainder when 117 is divided by l(-15)?
7
Suppose 26 = 4*f - 5*z, -5*z + 6 + 13 = f. Calculate the remainder when f/6*(-6)/9 - -67 is divided by 18.
12
Let n be (-1)/3*(-1 + (-360 - 2)). Suppose 5*o + 2*l - 125 = 0, 5*o + 11 = l + n. Let j = -18 - -61. Calculate the remainder when j is divided by o.
20
Let u = 233 - 101. Let d = 2784 - 2739. What is the remainder when u is divided by d?
42
Let j(k) = 2*k**2 - 4. Suppose 3*n = -4*f, -3*n - 3 = 3*f - 0*f. Calculate the remainder when j(-5) is divided by -2 - -2 - (-8 + n).
10
Calculate the remainder when 1427 is divided by ((-1)/((-4)/8))/(8/52).
10
Suppose -40*o = -62*o + 44. Calculate the remainder when 41 is divided by o.
1
Let i(w) = -w**3 + 9*w**2 - 6*w - 6. Let b be (-2)/11 - 20/(-110). Suppose b*g - 8 = -g. Calculate the remainder when 18 is divided by i(g).
8
Suppose 48*j - 343 = 43*j + q, -5*j = 4*q - 328. Calculate the remainder when j is divided by 8.
4
Calculate the remainder when 11 is divided by (1/10 + (-9)/(-10))*7.
4
Let d = -357 - -683. Calculate the remainder when d is divided by 47.
44
Suppose -34*p - 4*p = -1178. Calculate the remainder when (-1*(-4 + 5))/((-2)/738) is divided by p.
28
What is the remainder when (9/(-9))/(1/(-37)) - -2 is divided by 23?
16
What is the remainder when 2/(8/(-654)*489 + 6) is divided by 41?
27
Let n = -386 - -407. Suppose 0 = -3*c + 8*c - 60. What is the remainder when n is divided by c?
9
Suppose 7*c = 4 - 88. Let w(k) = k**2 + 13*k + 19. What is the remainder when w(c) is divided by 5?
2
Let n = 11 - -18. Let a(l) = 8*l**2 - 2*l + 2. Let y(m) = 7*m**2 - 3*m + 3. Let s(p) = -2*a(p) + 3*y(p). Calculate the remainder when n is divided by s(2).
14
Let y = 11 - 24. Let s be ((-9)/(-3))/(1/y). Let w = s - -62. Calculate the remainder when 66 is divided by w.
20
Suppose -25*x + 163 = -22*x - n, 0 = 2*x + 3*n - 116. Calculate the remainder when 106 is divided by x.
51
Let u(o) = -4*o - 6. What is the remainder when u(-5) is divided by 1 + (15/35)/((-2)/(-14))?
2
Suppose 12 = 5*n + 2*q, -5*n + 3*q + 0*q = -32. Suppose -n*i + i = -438. Calculate the remainder when i is divided by 21.
20
Let f = -7 + 11. Suppose -2*j + 3*r + 3 = 0, -f*j - 3*r = r - 56. What is the remainder when j is divided by 3?
0
Let a(h) = 84*h - 319. What is the remainder when a(11) is divided by 38?
35
Let m = -30 - -29. Suppose 5*l - 37 = 73. What is the remainder when l is divided by (m*(-2)/3)/(5/60)?
6
Let a be ((-1)/(-2))/((-14)/(-140)). Suppose -a*v + 22 = 12. Suppose -v*o + 58 = -3*f, 3*o - 145 = -2*o + 2*f. Calculate the remainder when 57 is divided by o.
28
Let i(s) = -s + 4. Let d be i(2). Suppose -5*j - 5*o = -80, d*o = -2*o + 4. Calculate the remainder when 44 is divided by j.
14
Suppose 3*p - 2*p = -3. Let i be 5 + -4 + (0 - p). Suppose -2 = h, i*h = 5*n + 3*h - 97. Calculate the remainder when n is divided by 5.
4
Let l be -3 - -6*15/10. Suppose f + 8 = 4*c, -4*f + f + l = -2*c. Calculate the remainder when 19 is divided by f.
3
Let g be 0 + -3*(-3 + 2). Suppose 5*u + 22 + 6 = -g*r, -r - 36 = -5*u. Let y = -9 - r. Calculate the remainder when 10 is divided by y.
3
Suppose 9*i = 7*i + 90. What is the remainder when i + 4/8*0 is divided by 16?
13
Let a be (2 + 52)*4/6. Suppose -2*w = w - a. Let q(p) = 55*p - 8. What is the remainder when q(1) is divided by w?
11
Suppose -3*g + 4*g - o - 10 = 0, -2*o = 10. Let x = 328 - 320. What is the remainder when x is divided by g?
3
Suppose -37*h = -1772 + 662. What is the remainder when 449 is divided by h?
29
Let c = 12 - 23. Let h = c - -22. Suppose -3*s + 4*p + 1 = -h, 4 = s - 4*p. Calculate the remainder when 13 is divided by s.
1
Suppose k = -5*r + 29 + 40, 0 = -5*k - 4*r + 429. Calculate the remainder when k is divided by 31.
27
Suppose 5*m + 35 + 0 = 0. Let k = m - -7. Suppose k = -0*a - a + 16. Calculate the remainder when 30 is divided by a.
14
Let z = -94 + 147. Let l(p) = -14*p. Let o = 32 - 33. What is the remainder when z is divided by l(o)?
11
What is the remainder when 159 is divided by (-580)/(-20) - 12/2?
21
Suppose -m + 4 = m, -24 = -5*k - 2*m. Let s(l) be the second derivative of l**3/3 + l**2/2 + l + 45. What is the remainder when 33 is divided by s(k)?
6
Let k(q) = q**3 + 8*q**2 + 8*q + 10. Let p be k(-7). Suppose 6*s + p*s = 1062. What is the remainder when s is divided by 30?
28
Let z(f) = -56*f - 600. What is the remainder when z(-13) is divided by 71?
57
Suppose 3*a - 4*a = 5*g - 38, 5*g - 41 = -2*a. What is the remainder when 57 is divided by g?
1
Let q = 135 - -58. Calculate the remainder when q is divided by 104.
89
Let f = -11 - -13. Let h = 8 - f. Let s = h + 34. What is the remainder when s is divided by 21?
19
Let z = -2219 - -2247. Calculate the remainder when z is divided by 1/3 + (-87)/(-9).
8
Let z = 78 + -70. Suppose r - z = -r. Suppose -6*l + 2*l + 40 = 0. What is the remainder when l is divided by r?
2
Suppose 3*p - 8 = -u, 2*p - 4*u = -2*u. Let j be (0 - 6)/(6/4). Let w(i) = i**2 + 2*i - 5. What is the remainder when w(j) is divided by p?
1
Let c be (10 - -2) + (0 + -1 - -4). Calculate the remainder when 51*(70/c)/7 is divided by (2 - 1)*9*1.
7
Suppose 126 + 46 = 5*u - 3*a, -2*a = -5*u + 168. Suppose 2*t - t - 252 = -2*b, 5*b - 2*t = 639. What is the remainder when b is divided by u?
31
Let x = 42 - 42. Suppose x = -5*y - 5*q + 65, -2*y - 5*q + 16 = -q. Calculate the remainder when 159 is divided by y.
15
Suppose 9*p = 1399 - 4. What is the remainder when p is divided by 37?
7
Suppose -2*t = 3*q + 19 - 68, 34 = 2*q + 2*t. Suppose 109*v = 86*v + 1012. Calculate the remainder when v is divided by q.
14
Let p be (-32)/(-6) + 3/(-9). Suppose -c + 23 = 4*b, -p*c = 5*b - 2*c - 27. What is the remainder when 31 is divided by (28/b)/((-10)/(-15))?
3
Calculate the remainder when 599 is divided by -1 + (-1593)/(-39) - (-168)/1092.
39
Suppose 107 = -10*j + 1007. What is the remainder when j is divided by 20?
10
Let m(v) = -15*v**2 - 36*v + 74. Let z(w) = -7*w**2 - 18*w + 37. Let y(b) = 6*m(b) - 13*z(b). What is the remainder when y(-20) is divided by 2?
1
Suppose -4*x - 40 = -3*c, 0*x = -5*c - 4*x + 88. Let f = 205 - 84. Suppose -7*q + 96 = -f. Calculate the remainder when q is divided by c.
15
Let p(m) = -32*m + 10. Let h be p(-1). Let j = 45 - h. Let n = -7 - -12. What is the remainder when n is divided by j?
2
Let u(c) = c**3 - 7*c**2 + 3*c + 9. Suppose 0 = -3*l + 31 - 10. Let w = 20 - 12. What is the remainder when u(l) is divided by w?
6
Suppose 0 = 27*x - 334 - 233. Suppose -11 = -l - y, 0 = 5*l - y - 46 - 2